Let h = -63 + k. What are the prime factors of (-3 - -9)/(h/(-20))?
2, 5
Suppose k + 4*n - 50391 = 0, 0 = -183*k + 181*k + 4*n + 100746. What are the prime factors of k?
3, 7, 2399
Let o = 43 + -37. Let y(a) = -16*a**2 + 8*a + 16. Let h be y(o). List the prime factors of (9/2)/(4/h*-3).
2, 3
Let i(w) = -4*w + 109. Let l be i(29). Let j(r) = -258*r - 248. What are the prime factors of j(l)?
2, 19, 41
Let n = -126 - -150. Suppose -n*f = -27*f + 2094. What are the prime factors of f?
2, 349
Let u = -21 + 21. Let c be 2*(u + 3/(-6)). What are the prime factors of -15 + 16 - (c + (-268)/2)?
2, 17
Let m = -12 - -15. Suppose -8 = -4*k, m*k = 3*t - 0*t - 6. Suppose a = -g + 43 + 42, -4 = -t*a. List the prime factors of g.
2, 3, 7
Let s(y) = 49 + 4*y**2 - 23 + y**3 - 5*y - 24. Let f be s(-5). Suppose -f*g + 2*n + 148 = -52, 5*g = -3*n + 460. What are the prime factors of g?
5, 19
Suppose 4*k - 5*k - 4*b + 3751 = 0, 3*k = 5*b + 11236. What are the prime factors of k?
3, 1249
Suppose 8*v - 839 + 799 = 0. Suppose 3*x - v*t = 3007, 4*t = -14*x + 9*x + 5061. List the prime factors of x.
1009
Suppose 7*a + 41 = 62. Let f(u) = 36*u**3 - u**2 + u + 5. List the prime factors of f(a).
971
Suppose 5*u + 139 = -c, -2*c + u - 239 = -16. What are the prime factors of 38/c - (-1490)/6?
2, 31
Suppose -2*f - 302 = -446. What are the prime factors of (-196)/(-8)*(f/28 + -2)?
2, 7
Let r = -23951 - -38767. List the prime factors of r.
2, 463
Suppose -3*m + 47 = -4*y, -2*m + 85 = 4*y + 27. Let r = 88 - m. Suppose -236 = -3*c + 4*i - r, -5*c - 2*i + 299 = 0. List the prime factors of c.
59
Suppose 510714 = 44*p + 58*p. What are the prime factors of p?
3, 1669
Suppose -2*t = 3264 - 598. Let m = -685 - t. Suppose 2736 - m = 9*k. List the prime factors of k.
2, 29
Let o be 2*25 - (1 + -1). Suppose 3*t - 4*v - 40 = -t, 2*v + o = 4*t. Suppose -3*m - t*m + 828 = 0. List the prime factors of m.
2, 23
Let j(p) = 3*p - 133 - 18*p**2 + 17*p**3 - 6*p**2 - 18*p**3. What are the prime factors of j(-25)?
3, 139
Suppose o - 8*o = 63. Let j = -230 + 416. List the prime factors of o/(-12) - j/(-8).
2, 3
Suppose 4*r - 132 = 5*i, -r + 4*r = 3*i + 102. Suppose 5*k + 2*d - 762 = 4*d, -2*d = -k + 146. Suppose 6*m - r = k. List the prime factors of m.
2
Let v be 18/63*1 + (-12)/(-7). List the prime factors of 736/v + (-2 - 2/(-1)).
2, 23
Let b = -6 - -126. Let i = -115 + b. Suppose -168 = 3*t - i*d - 812, -3*d + 15 = 0. What are the prime factors of t?
223
Suppose -7*l - 15622 = -h - 8*l, 5*h = 2*l + 78096. What are the prime factors of h?
2, 5, 11, 71
Suppose -30*z + 38*z - 16 = 0. Suppose -3 = -3*m, 0 = -2*d - z*m + 904 + 614. What are the prime factors of d?
2, 379
List the prime factors of (-216333)/(-26) + 4/8.
53, 157
Let g(y) be the second derivative of y**5/20 + 7*y**4/12 + 5*y**3/6 + 3*y**2 + 2*y. Let k be g(-7). What are the prime factors of 4/4 - (k - 1)?
31
Suppose 604 - 1188 = 2*d. Let a = d + 685. What are the prime factors of a?
3, 131
Let b(f) = -2*f**2 - f + 2. Let q be b(1). Let g be 3 - (3/(-1) - q). Suppose -a = 4*a - 3*o - 69, 79 = g*a + 2*o. What are the prime factors of a?
3, 5
Suppose 8*f = 30*f + 2*f - 130272. What are the prime factors of f?
2, 23, 59
Suppose 4*j - 66 = -5*v, -j = -3*v - 6*j + 50. Suppose v*o = 8*o + 12. Suppose o*d - 640 = -2*d. What are the prime factors of d?
2, 5
Suppose 14*a + 13*a - 84861 = 0. List the prime factors of a.
7, 449
Suppose 2*g = -3*o - g + 48, 3*o - 52 = -4*g. Let w(j) = -4 - 8 + o*j - 1 - 17. List the prime factors of w(4).
2, 3
Let a be ((-21)/1)/(5/(-295)). Let t = a + 361. What are the prime factors of t?
2, 5
Suppose -4*w = 8, -2*a + 13 = -a - 5*w. Suppose -h + 163 + 330 = 3*m, 5*h + 5*m - 2445 = 0. Suppose -79 = a*j - h. What are the prime factors of j?
2, 17
Let v be -2 - -35*3 - 4. Let g = v - 175. Let w = 147 + g. What are the prime factors of w?
71
Let x(d) = 43*d**3 + 2*d**2 - d. Let g = -156 + 157. What are the prime factors of x(g)?
2, 11
Suppose 9 = -53*w + 44*w. Let u(c) = -438*c**3 + 6*c + 6. What are the prime factors of u(w)?
2, 3, 73
Suppose -211*q + 5*d + 20563 = -209*q, -41105 = -4*q + 3*d. What are the prime factors of q?
2, 11, 467
Suppose d - 367 = p, 4*d = 2*d + p + 735. Suppose d = 15*g - 832. List the prime factors of g.
2, 5
Suppose 3*p - 8*p + 20 = 0. Let b be (0 + -3)/(6/(74 + p)). Let c = 118 + b. List the prime factors of c.
79
Let b = -38823 + 68747. What are the prime factors of b?
2, 7481
Let d be (12/9 - 1)*-9 + 11. Let z(v) = -v**2 + 10*v - 14. Let n be z(d). Suppose n*l = -l + 300. What are the prime factors of l?
2, 5
Let m(i) = 35*i**2 + 15*i. List the prime factors of m(-17).
2, 5, 17, 29
Suppose -2*u = 5*y - 5, 3*u = -3*y + 6*y - 24. Let h(d) = -d**3 - 9*d - 4*d**2 + y*d**3 - 3 - 8*d + 2*d**2. What are the prime factors of h(5)?
2, 7
Let z(p) = -p. Let c be z(-7). Let w = c - 6. What are the prime factors of w + 1 + 5 + 80*1?
3, 29
Suppose 13659*j = 13641*j + 1146042. List the prime factors of j.
3, 19, 1117
Suppose -2*g + 5*u + 30 = 0, 0 = 4*g - 0*u + 2*u - 36. Suppose -g*h + 8 = 8. Suppose 4*l + h*l = 0, -4*a + 360 = l. List the prime factors of a.
2, 3, 5
Suppose -18*w = -22*w - 12. List the prime factors of (-2)/(-3) + (-1897)/w.
3, 211
Let g(t) = 8*t**2 - 4*t - 394. List the prime factors of g(-13).
2, 5, 101
Suppose 2*n - 9 - 3 = 0. Let t(h) = -64*h + n*h**2 + 132*h - 12 - 63*h. What are the prime factors of t(-6)?
2, 3, 29
Suppose -2*z + 2*b = -8574, 4*z - 2*b - 15204 = 1940. Suppose 660*h = 655*h + z. What are the prime factors of h?
857
Suppose -4*i = 8, 0*y = y + 5*i + 4. Let p(s) = s**3 + 3*s**2 - 3*s + 2. Let b be p(y). Suppose -5*t + t + b = 0. What are the prime factors of t?
7, 11
Suppose 10*d - 9*d = 4. Suppose 0 = -3*y - 2*x - 4 - 3, -32 = d*y - 3*x. What are the prime factors of 7 + 222/(-30) + (-432)/y?
2, 43
Let i be (-4)/(-14) + (1 - (-27)/(-21)). Suppose -5*u = i, 0 = -5*a + 4*u + 83 + 27. Suppose -25*g + 168 = -a*g. List the prime factors of g.
2, 7
Suppose 7*u - 99545 = -20291. List the prime factors of u.
2, 3, 17, 37
Let l(r) = -2*r**3 - 2*r**2 + 4*r + 2024. Let w be (-2)/15 + ((-309)/45 - -7). What are the prime factors of l(w)?
2, 11, 23
Let d be (-30)/9*99/4*6. Let r = d - -829. What are the prime factors of r?
2, 167
Let f = -7394 - -19941. What are the prime factors of f?
12547
Let y = 1977 + 1614. What are the prime factors of y?
3, 7, 19
Suppose 85 = 139*k - 134*k. Suppose d + k = h - 288, 0 = -3*d - 6. What are the prime factors of h?
3, 101
Let z be -1*(-2)/1 + (0 - -2). Suppose o - z*o + d = -1318, 3*o - 1303 = 4*d. Suppose 4*l = l + o. List the prime factors of l.
3, 7
Let k(m) = -m**3 - 5*m**2 + 2*m - 8. Suppose 2*x = -2*j + 50, -3*j + 58 + 33 = -5*x. Suppose 5*s + 57 - j = 0. List the prime factors of k(s).
2
List the prime factors of 0 + -4 + 0 + 3 + 19920.
19919
Let i(x) = 372*x**2 + 7*x + 52. List the prime factors of i(-6).
2, 6701
Let a(j) = -5*j + 1. Let w = -27 - -33. Let i be a(w). Let c = i - -94. List the prime factors of c.
5, 13
Let m(d) = 41*d + 6. Let i be m(1). Suppose 0 = -39*t + i*t - 1472. List the prime factors of t.
2, 23
Let j(o) = -o + 10. Let d be j(-7). Suppose 22*h - d*h - 3880 = 0. Suppose -4*z + 4*q = -h, -2*z - q + 562 = z. What are the prime factors of z?
3, 7
Let w(v) = 4*v**2 + 5*v - 2. What are the prime factors of w(15)?
7, 139
Suppose 0 = w - 5*g + 286, 3*w + 827 = -g + 49. Let k = w + 760. What are the prime factors of k?
499
Suppose 0 = 3*h - 2*i + 13, -3*h = -7*h - 4*i - 4. Let r be -5*(h/(-5) + 0). Let y(t) = -3*t**3 + 4*t**2 - 2*t - 5. What are the prime factors of y(r)?
2, 59
Suppose -3*n + 5*y + 33541 = 0, 5*y = 8*y - 21. What are the prime factors of n?
2, 1399
Let f = 3220 - 1603. List the prime factors of f.
3, 7, 11
Let a(w) = w**2 + 8*w + 6. Let r be a(-8). Suppose -r*i - 95 = -545. List the prime factors of i.
3, 5
Suppose 5*j - 4012 = 4*h, -h - 3214 = -j - 3*j. Let p = -568 + j. Let o = -99 + p. What are the prime factors of o?
137
Suppose -2*p + 9 = 83. Let s = -37 - p. Suppose -5*f = -2*f - 3*n - 147, s = -5*n - 5. What are the prime factors of f?
2, 3
Suppose -8 = 2*r - 6, -4*c = 5*r - 9151. What are the prime factors of c?
3, 7, 109
Suppose 40067 + 211096 = 35*n - 201982. What are the prime factors 